{"id":2861,"date":"2020-11-29T11:54:26","date_gmt":"2020-11-29T10:54:26","guid":{"rendered":"http:\/\/isn-renaudeau.fr\/dnmade\/?page_id=2861"},"modified":"2020-12-05T15:00:31","modified_gmt":"2020-12-05T14:00:31","slug":"about-julie","status":"publish","type":"page","link":"https:\/\/isn-renaudeau.fr\/dnmade\/index.php\/about-julie\/","title":{"rendered":"ABOUT &#8211; Julie"},"content":{"rendered":"<p>[et_pb_section fb_built=\u00a0\u00bb1&Prime; _builder_version=\u00a0\u00bb4.6.1&Prime; _module_preset=\u00a0\u00bbdefault\u00a0\u00bb background_image=\u00a0\u00bbhttp:\/\/isn-renaudeau.fr\/dnmade\/wp-content\/uploads\/2020\/11\/IMG_9152-1.jpg\u00a0\u00bb parallax=\u00a0\u00bbon\u00a0\u00bb custom_padding=\u00a0\u00bb121px||424px|||\u00a0\u00bb][et_pb_row _builder_version=\u00a0\u00bb4.6.1&Prime; _module_preset=\u00a0\u00bbdefault\u00a0\u00bb custom_margin=\u00a0\u00bb-102px|auto||auto||\u00a0\u00bb][et_pb_column type=\u00a0\u00bb4_4&Prime; _builder_version=\u00a0\u00bb4.6.1&Prime; _module_preset=\u00a0\u00bbdefault\u00a0\u00bb][et_pb_button button_url=\u00a0\u00bb@ET-DC@eyJkeW5hbWljIjp0cnVlLCJjb250ZW50IjoicG9zdF9saW5rX3VybF9wYWdlIiwic2V0dGluZ3MiOnsicG9zdF9pZCI6Ijk1In19@\u00a0\u00bb button_text=\u00a0\u00bbBACK TO HOME PAGE\u00a0\u00bb button_alignment=\u00a0\u00bbcenter\u00a0\u00bb _builder_version=\u00a0\u00bb4.6.1&Prime; _dynamic_attributes=\u00a0\u00bbbutton_url\u00a0\u00bb _module_preset=\u00a0\u00bbdefault\u00a0\u00bb custom_button=\u00a0\u00bbon\u00a0\u00bb button_text_size=\u00a0\u00bb14px\u00a0\u00bb button_text_color=\u00a0\u00bb#ffffff\u00a0\u00bb button_border_width=\u00a0\u00bb0px\u00a0\u00bb button_letter_spacing=\u00a0\u00bb2px\u00a0\u00bb button_font=\u00a0\u00bbRaleway||||||||\u00a0\u00bb button_icon=\u00a0\u00bb%%3%%\u00a0\u00bb animation_style=\u00a0\u00bbfade\u00a0\u00bb animation_duration=\u00a0\u00bb1150ms\u00a0\u00bb animation_delay=\u00a0\u00bb400ms\u00a0\u00bb][\/et_pb_button][\/et_pb_column][\/et_pb_row][et_pb_row use_custom_gutter=\u00a0\u00bbon\u00a0\u00bb gutter_width=\u00a0\u00bb1&Prime; _builder_version=\u00a0\u00bb4.6.1&Prime; _module_preset=\u00a0\u00bbdefault\u00a0\u00bb background_enable_color=\u00a0\u00bboff\u00a0\u00bb width=\u00a0\u00bb90%\u00a0\u00bb min_height=\u00a0\u00bb238px\u00a0\u00bb custom_margin=\u00a0\u00bb51px|auto||auto||\u00a0\u00bb custom_padding=\u00a0\u00bb32px||14px|||\u00a0\u00bb][et_pb_column type=\u00a0\u00bb4_4&Prime; _builder_version=\u00a0\u00bb4.6.1&Prime; _module_preset=\u00a0\u00bbdefault\u00a0\u00bb][et_pb_text _builder_version=\u00a0\u00bb4.6.1&Prime; _module_preset=\u00a0\u00bbdefault\u00a0\u00bb text_font=\u00a0\u00bbRaleway||||||||\u00a0\u00bb text_text_color=\u00a0\u00bbrgba(0,0,0,0.77)\u00a0\u00bb text_font_size=\u00a0\u00bb20px\u00a0\u00bb text_letter_spacing=\u00a0\u00bb1px\u00a0\u00bb text_line_height=\u00a0\u00bb1.4em\u00a0\u00bb text_orientation=\u00a0\u00bbcenter\u00a0\u00bb width=\u00a0\u00bb84%\u00a0\u00bb max_width=\u00a0\u00bb97%\u00a0\u00bb module_alignment=\u00a0\u00bbcenter\u00a0\u00bb custom_padding=\u00a0\u00bb0px|0px||0px|false|false\u00a0\u00bb animation_style=\u00a0\u00bbslide\u00a0\u00bb animation_direction=\u00a0\u00bbbottom\u00a0\u00bb animation_starting_opacity=\u00a0\u00bb5%\u00a0\u00bb]<\/p>\n<p><strong>Fashion design student<\/strong> interested in culture, art, fashion, innovation and sustainability.\u00a0<span style=\"font-size: 19px;\">I have a real thirst for knowledge. I want to learn more about the sustainable fashion\u00a0<\/span><span style=\"font-size: 19px;\">industry by getting into the professional world. I am therefore looking for an internship.<\/span><\/p>\n<p>[\/et_pb_text][\/et_pb_column][\/et_pb_row][\/et_pb_section][et_pb_section fb_built=\u00a0\u00bb1&Prime; _builder_version=\u00a0\u00bb4.6.1&Prime; _module_preset=\u00a0\u00bbdefault\u00a0\u00bb background_color=\u00a0\u00bbrgba(255,245,234,0.54)\u00a0\u00bb custom_padding=\u00a0\u00bb4px|||||\u00a0\u00bb][et_pb_row use_custom_gutter=\u00a0\u00bbon\u00a0\u00bb gutter_width=\u00a0\u00bb4&Prime; _builder_version=\u00a0\u00bb4.6.1&Prime; _module_preset=\u00a0\u00bbdefault\u00a0\u00bb background_enable_color=\u00a0\u00bboff\u00a0\u00bb min_height=\u00a0\u00bb195px\u00a0\u00bb custom_margin=\u00a0\u00bb50px|auto|-11px|auto|false|false\u00a0\u00bb custom_padding=\u00a0\u00bb2px|50px|0px|50px|false|false\u00a0\u00bb animation_style=\u00a0\u00bbfade\u00a0\u00bb animation_direction=\u00a0\u00bbright\u00a0\u00bb animation_speed_curve=\u00a0\u00bblinear\u00a0\u00bb hover_enabled=\u00a0\u00bb0&Prime; border_color_all=\u00a0\u00bb#FFFFFF\u00a0\u00bb locked=\u00a0\u00bboff\u00a0\u00bb column_structure=\u00a0\u00bb1_5,1_5,1_5,1_5,1_5&Prime; width=\u00a0\u00bb100%\u00a0\u00bb sticky_enabled=\u00a0\u00bb0&Prime; max_width=\u00a0\u00bb2560px\u00a0\u00bb width_last_edited=\u00a0\u00bbon|desktop\u00a0\u00bb width_tablet=\u00a0\u00bb0%\u00a0\u00bb][et_pb_column type=\u00a0\u00bb1_5&Prime; _builder_version=\u00a0\u00bb4.6.1&Prime; _module_preset=\u00a0\u00bbdefault\u00a0\u00bb][et_pb_image src=\u00a0\u00bbhttp:\/\/isn-renaudeau.fr\/dnmade\/wp-content\/uploads\/2020\/10\/IMG_4112.jpg\u00a0\u00bb title_text=\u00a0\u00bbIMG_4112&Prime; _builder_version=\u00a0\u00bb4.6.1&Prime; _module_preset=\u00a0\u00bbdefault\u00a0\u00bb width=\u00a0\u00bb100%\u00a0\u00bb width_tablet=\u00a0\u00bb54%\u00a0\u00bb width_phone=\u00a0\u00bb75%\u00a0\u00bb width_last_edited=\u00a0\u00bbon|tablet\u00a0\u00bb module_alignment=\u00a0\u00bbcenter\u00a0\u00bb hover_enabled=\u00a0\u00bb0&Prime; custom_margin=\u00a0\u00bb|||314px||\u00a0\u00bb sticky_enabled=\u00a0\u00bb0&Prime; filter_opacity=\u00a0\u00bb20%\u00a0\u00bb][\/et_pb_image][\/et_pb_column][et_pb_column type=\u00a0\u00bb1_5&Prime; _builder_version=\u00a0\u00bb4.6.1&Prime; _module_preset=\u00a0\u00bbdefault\u00a0\u00bb][et_pb_image src=\u00a0\u00bbhttp:\/\/isn-renaudeau.fr\/dnmade\/wp-content\/uploads\/2020\/10\/IMG_4112.jpg\u00a0\u00bb title_text=\u00a0\u00bbIMG_4112&Prime; _builder_version=\u00a0\u00bb4.6.1&Prime; _module_preset=\u00a0\u00bbdefault\u00a0\u00bb width=\u00a0\u00bb100%\u00a0\u00bb width_tablet=\u00a0\u00bb54%\u00a0\u00bb width_phone=\u00a0\u00bb75%\u00a0\u00bb width_last_edited=\u00a0\u00bbon|tablet\u00a0\u00bb module_alignment=\u00a0\u00bbcenter\u00a0\u00bb hover_enabled=\u00a0\u00bb0&Prime; custom_margin=\u00a0\u00bb|||314px||\u00a0\u00bb sticky_enabled=\u00a0\u00bb0&Prime; filter_opacity=\u00a0\u00bb55%\u00a0\u00bb][\/et_pb_image][\/et_pb_column][et_pb_column type=\u00a0\u00bb1_5&Prime; _builder_version=\u00a0\u00bb4.6.1&Prime; _module_preset=\u00a0\u00bbdefault\u00a0\u00bb][et_pb_image src=\u00a0\u00bbhttp:\/\/isn-renaudeau.fr\/dnmade\/wp-content\/uploads\/2020\/10\/IMG_4112.jpg\u00a0\u00bb title_text=\u00a0\u00bbIMG_4112&Prime; _builder_version=\u00a0\u00bb4.6.1&Prime; _module_preset=\u00a0\u00bbdefault\u00a0\u00bb width=\u00a0\u00bb100%\u00a0\u00bb width_tablet=\u00a0\u00bb54%\u00a0\u00bb width_phone=\u00a0\u00bb75%\u00a0\u00bb width_last_edited=\u00a0\u00bbon|tablet\u00a0\u00bb module_alignment=\u00a0\u00bbcenter\u00a0\u00bb hover_enabled=\u00a0\u00bb0&Prime; custom_margin=\u00a0\u00bb|||314px||\u00a0\u00bb sticky_enabled=\u00a0\u00bb0&Prime;][\/et_pb_image][\/et_pb_column][et_pb_column type=\u00a0\u00bb1_5&Prime; _builder_version=\u00a0\u00bb4.6.1&Prime; _module_preset=\u00a0\u00bbdefault\u00a0\u00bb][et_pb_image src=\u00a0\u00bbhttp:\/\/isn-renaudeau.fr\/dnmade\/wp-content\/uploads\/2020\/10\/IMG_4112.jpg\u00a0\u00bb title_text=\u00a0\u00bbIMG_4112&Prime; _builder_version=\u00a0\u00bb4.6.1&Prime; _module_preset=\u00a0\u00bbdefault\u00a0\u00bb width=\u00a0\u00bb100%\u00a0\u00bb width_tablet=\u00a0\u00bb54%\u00a0\u00bb width_phone=\u00a0\u00bb75%\u00a0\u00bb width_last_edited=\u00a0\u00bbon|tablet\u00a0\u00bb module_alignment=\u00a0\u00bbcenter\u00a0\u00bb hover_enabled=\u00a0\u00bb0&Prime; custom_margin=\u00a0\u00bb|||314px||\u00a0\u00bb sticky_enabled=\u00a0\u00bb0&Prime; filter_opacity=\u00a0\u00bb55%\u00a0\u00bb][\/et_pb_image][\/et_pb_column][et_pb_column type=\u00a0\u00bb1_5&Prime; _builder_version=\u00a0\u00bb4.6.1&Prime; _module_preset=\u00a0\u00bbdefault\u00a0\u00bb][et_pb_image src=\u00a0\u00bbhttp:\/\/isn-renaudeau.fr\/dnmade\/wp-content\/uploads\/2020\/10\/IMG_4112.jpg\u00a0\u00bb title_text=\u00a0\u00bbIMG_4112&Prime; _builder_version=\u00a0\u00bb4.6.1&Prime; _module_preset=\u00a0\u00bbdefault\u00a0\u00bb width=\u00a0\u00bb100%\u00a0\u00bb width_tablet=\u00a0\u00bb54%\u00a0\u00bb width_phone=\u00a0\u00bb75%\u00a0\u00bb width_last_edited=\u00a0\u00bbon|tablet\u00a0\u00bb module_alignment=\u00a0\u00bbcenter\u00a0\u00bb hover_enabled=\u00a0\u00bb0&Prime; custom_margin=\u00a0\u00bb|||314px||\u00a0\u00bb sticky_enabled=\u00a0\u00bb0&Prime; filter_opacity=\u00a0\u00bb20%\u00a0\u00bb][\/et_pb_image][\/et_pb_column][\/et_pb_row][et_pb_row _builder_version=\u00a0\u00bb4.6.1&Prime; _module_preset=\u00a0\u00bbdefault\u00a0\u00bb custom_padding=\u00a0\u00bb0px|||||\u00a0\u00bb][et_pb_column _builder_version=\u00a0\u00bb4.6.1&Prime; _module_preset=\u00a0\u00bbdefault\u00a0\u00bb type=\u00a0\u00bb4_4&Prime;][et_pb_image src=\u00a0\u00bbhttp:\/\/isn-renaudeau.fr\/dnmade\/wp-content\/uploads\/2020\/10\/IMG_4112.jpg\u00a0\u00bb _builder_version=\u00a0\u00bb4.6.1&Prime; _module_preset=\u00a0\u00bbdefault\u00a0\u00bb title_text=\u00a0\u00bbIMG_4112&Prime; hover_enabled=\u00a0\u00bb0&Prime; sticky_enabled=\u00a0\u00bb0&Prime; width=\u00a0\u00bb0%\u00a0\u00bb module_alignment=\u00a0\u00bbcenter\u00a0\u00bb width_last_edited=\u00a0\u00bbon|phone\u00a0\u00bb width_tablet=\u00a0\u00bb44%\u00a0\u00bb width_phone=\u00a0\u00bb47%\u00a0\u00bb][\/et_pb_image][\/et_pb_column][\/et_pb_row][et_pb_row column_structure=\u00a0\u00bb1_2,1_2&Prime; use_custom_gutter=\u00a0\u00bbon\u00a0\u00bb gutter_width=\u00a0\u00bb4&Prime; _builder_version=\u00a0\u00bb4.6.1&Prime; _module_preset=\u00a0\u00bbdefault\u00a0\u00bb background_color=\u00a0\u00bbrgba(255,255,255,0.5)\u00a0\u00bb min_height=\u00a0\u00bb702px\u00a0\u00bb custom_margin=\u00a0\u00bb15px|auto||auto|false|false\u00a0\u00bb custom_padding=\u00a0\u00bb24px|50px|0px|50px|false|false\u00a0\u00bb border_width_all=\u00a0\u00bb1px\u00a0\u00bb border_color_all=\u00a0\u00bb#FFFFFF\u00a0\u00bb locked=\u00a0\u00bboff\u00a0\u00bb][et_pb_column type=\u00a0\u00bb1_2&Prime; _builder_version=\u00a0\u00bb4.6.1&Prime; _module_preset=\u00a0\u00bbdefault\u00a0\u00bb][et_pb_text _builder_version=\u00a0\u00bb4.6.1&Prime; _module_preset=\u00a0\u00bbdefault\u00a0\u00bb text_font=\u00a0\u00bbRaleway||||||||\u00a0\u00bb text_text_color=\u00a0\u00bb#000000&Prime; text_font_size=\u00a0\u00bb8px\u00a0\u00bb text_letter_spacing=\u00a0\u00bb1px\u00a0\u00bb text_line_height=\u00a0\u00bb1.2em\u00a0\u00bb custom_margin=\u00a0\u00bb50px||45px||false|\u00a0\u00bb text_orientation_tablet=\u00a0\u00bbcenter\u00a0\u00bb text_orientation_phone=\u00a0\u00bb\u00a0\u00bb text_orientation_last_edited=\u00a0\u00bbon|desktop\u00a0\u00bb]<\/p>\n<p class=\"p1\"><span style=\"font-size: large;\"><b>EDUCATION<\/b><\/span><\/p>\n<p class=\"p3\"><span style=\"font-size: xx-small;\"><\/span><\/p>\n<p class=\"p3\"><span style=\"font-size: xx-small;\"><\/span><\/p>\n<p class=\"p3\"><span style=\"font-size: xx-small;\"><\/span><\/p>\n<p class=\"p3\"><span style=\"font-size: xx-small;\">SEPTEMBER 2019 &#8211; JULY 2022<\/span><\/p>\n<p class=\"p4\"><span class=\"s1\">\u2022 <\/span><strong>DNMADE<span class=\"s1\"><span class=\"Apple-converted-space\">\u00a0 <\/span><\/span><span style=\"font-size: x-small;\">FASHION DESIGN<\/span> CLOTHING AND<\/strong><\/p>\n<p class=\"p4\"><strong>ACCESSORIES<\/strong><span class=\"s2\"> <\/span><\/p>\n<p class=\"p3\">(equivalent : <strong>BA<\/strong>) LYC\u00c9E DE LA MODE CHOLET<\/p>\n<p class=\"p3\">\n<p class=\"p2\">\n<p class=\"p3\"><span style=\"font-size: xx-small;\">SEPTEMBER 2016 &#8211; JUNE 2019<\/span><\/p>\n<p class=\"p4\"><span class=\"s3\">\u2022 <\/span><strong>BAC Sciences and Technologies of <span style=\"font-size: x-small;\">Design and Applied Arts<\/span><\/strong><\/p>\n<p class=\"p3\">(equivalent : <strong>Highschool diploma<\/strong>) LYC\u00c9E LEONARD DE VINCI<\/p>\n<p class=\"p3\">MONTAIGU<\/p>\n<p>[\/et_pb_text][et_pb_text _builder_version=\u00a0\u00bb4.6.1&Prime; _module_preset=\u00a0\u00bbdefault\u00a0\u00bb text_font=\u00a0\u00bbRaleway||||||||\u00a0\u00bb text_text_color=\u00a0\u00bb#000000&Prime; text_font_size=\u00a0\u00bb8px\u00a0\u00bb text_letter_spacing=\u00a0\u00bb1px\u00a0\u00bb text_line_height=\u00a0\u00bb1.2em\u00a0\u00bb custom_margin=\u00a0\u00bb70px||45px||false|\u00a0\u00bb text_orientation_tablet=\u00a0\u00bbcenter\u00a0\u00bb text_orientation_phone=\u00a0\u00bb\u00a0\u00bb text_orientation_last_edited=\u00a0\u00bbon|desktop\u00a0\u00bb]<\/p>\n<p class=\"p1\"><span style=\"font-size: large;\"><b>LANGUAGES<\/b><\/span><\/p>\n<p class=\"p3\"><span style=\"font-size: xx-small;\"><\/span><\/p>\n<p class=\"p3\"><span style=\"font-size: xx-small;\"><\/span><\/p>\n<p class=\"p3\"><span style=\"font-size: xx-small;\"><\/span><\/p>\n<p class=\"p3\"><span style=\"font-size: xx-small;\"><strong>FRENCH<\/strong> BIRTH LANGUAGE<\/span><\/p>\n<p class=\"p3\"><strong>ENGLISH<\/strong> FLUENT<span style=\"font-size: xx-small;\"><\/span><\/p>\n<p class=\"p3\"><strong>GERMAN<\/strong> SATISFYING PROEFICIENCY<\/p>\n<p class=\"p3\"><span style=\"font-size: xx-small;\"><\/span><\/p>\n<p>[\/et_pb_text][et_pb_text _builder_version=\u00a0\u00bb4.6.1&Prime; _module_preset=\u00a0\u00bbdefault\u00a0\u00bb text_font=\u00a0\u00bbRaleway||||||||\u00a0\u00bb text_text_color=\u00a0\u00bb#000000&Prime; text_font_size=\u00a0\u00bb8px\u00a0\u00bb text_letter_spacing=\u00a0\u00bb2px\u00a0\u00bb text_line_height=\u00a0\u00bb1.5em\u00a0\u00bb custom_margin=\u00a0\u00bb70px||50px||false|\u00a0\u00bb text_orientation_tablet=\u00a0\u00bbcenter\u00a0\u00bb text_orientation_phone=\u00a0\u00bb\u00a0\u00bb text_orientation_last_edited=\u00a0\u00bbon|phone\u00a0\u00bb]<\/p>\n<p><span style=\"font-size: large;\"><strong>TECHNOLOGY AND COMPUTING<\/strong><\/span><\/p>\n<p><span style=\"font-size: large;\"><strong><\/strong><\/span><\/p>\n<p><span style=\"font-size: xx-small;\">GOOD PROFICIENCY<\/span><span style=\"font-size: large;\"><strong><\/strong><\/span><\/p>\n<p><strong>PHOTOSHOP<\/strong><\/p>\n<p><strong>INDESING<\/strong><\/p>\n<p><strong>OFFICE PACK<\/strong><\/p>\n<p>&nbsp;<\/p>\n<p><span style=\"font-size: xx-small;\">SATISFYING PROFICIENCY<\/span><\/p>\n<p><strong>ILLUSTRATOR<\/strong><\/p>\n<p>&nbsp;<\/p>\n<p><span style=\"font-size: xx-small;\">PROFICIENCY OF THE BASIS<\/span><\/p>\n<p><strong>RHINO 6 \/ 3D PRINTING<\/strong><\/p>\n<p><strong>LASER CUTTER<\/strong><\/p>\n<p><strong>WORDPRESS<\/strong><\/p>\n<p>&nbsp;<\/p>\n<p>&nbsp;<\/p>\n<p><span style=\"font-size: large;\"><strong><\/strong><\/span><\/p>\n<p>[\/et_pb_text][\/et_pb_column][et_pb_column type=\u00a0\u00bb1_2&Prime; _builder_version=\u00a0\u00bb4.6.1&Prime; _module_preset=\u00a0\u00bbdefault\u00a0\u00bb][et_pb_text _builder_version=\u00a0\u00bb4.6.1&Prime; _module_preset=\u00a0\u00bbdefault\u00a0\u00bb text_font=\u00a0\u00bbRaleway||||||||\u00a0\u00bb text_text_color=\u00a0\u00bb#000000&Prime; text_font_size=\u00a0\u00bb8px\u00a0\u00bb text_line_height=\u00a0\u00bb1.5em\u00a0\u00bb width=\u00a0\u00bb100%\u00a0\u00bb min_height=\u00a0\u00bb562px\u00a0\u00bb custom_padding=\u00a0\u00bb50px|||||\u00a0\u00bb text_orientation_tablet=\u00a0\u00bbcenter\u00a0\u00bb text_orientation_phone=\u00a0\u00bb\u00a0\u00bb text_orientation_last_edited=\u00a0\u00bbon|desktop\u00a0\u00bb]<\/p>\n<p class=\"p1\"><span style=\"font-size: large;\"><b>PROFESSIONAL EXPERIENCES<\/b><\/span><\/p>\n<p class=\"p3\"><span class=\"s1\" style=\"font-size: small;\"><b><\/b><\/span><\/p>\n<p class=\"p3\"><span class=\"s1\" style=\"font-size: small;\"><\/span><\/p>\n<p class=\"p3\"><span class=\"s1\" style=\"font-size: small;\"><b><\/b><\/span><\/p>\n<p class=\"p3\"><span class=\"s1\" style=\"font-size: small;\"><b>INTERNSHIPS<\/b><\/span><span class=\"s2\"> <\/span><\/p>\n<p class=\"p4\"><span style=\"font-size: xx-small;\">FEBRUARY 2020<\/span><\/p>\n<p class=\"p5\"><span class=\"s3\">\u2022<span class=\"Apple-converted-space\">\u00a0 <\/span><\/span><strong><span style=\"font-size: x-small;\">SHOOTING \/ SHOWROOM ASSISTANT<\/span> FASHION WEEK<\/strong><span class=\"s4\"> <\/span><span class=\"s5\">ALA\u00cfA PARIS<\/span><\/p>\n<p class=\"p4\">drawing up silouhettes, practicing languages<\/p>\n<p class=\"p6\">\n<p class=\"p6\">\n<p class=\"p4\"><span style=\"font-size: xx-small;\">SEPTEMBER 2019<\/span><\/p>\n<p class=\"p5\"><span class=\"s3\">\u2022<span class=\"Apple-converted-space\">\u00a0 <\/span><\/span><span style=\"font-size: x-small;\"><strong>DRESSER<\/strong><\/span> <strong>FASHION WEEK<\/strong><span class=\"s4\"> ATLEIN PARIS<\/span><\/p>\n<p class=\"p4\">dynamism, coordination<\/p>\n<p class=\"p7\">\n<p class=\"p7\">\n<p class=\"p4\"><span style=\"font-size: xx-small;\">OCTOBER 2017<span class=\"s2\"> \/ <\/span>MAY 2015<\/span><\/p>\n<p class=\"p5\"><span class=\"s3\">\u2022<span class=\"Apple-converted-space\">\u00a0 <\/span><\/span><strong>MANUFACTURER OF READY-TO-WEAR KNITE-WEAR<\/strong><span class=\"s4\"> <\/span><\/p>\n<p class=\"p4\">SEDEM<\/p>\n<p class=\"p4\">versatility, thoroughness<\/p>\n<p class=\"p4\">\n<p class=\"p4\">\n<p class=\"p4\">\n<p class=\"p4\">\n<p class=\"p8\">\n<p class=\"p2\">\n<p class=\"p3\"><span class=\"s1\" style=\"font-size: small;\"><b>JOBS<\/b><\/span><\/p>\n<p class=\"p4\"><span style=\"font-size: xx-small;\">MAY 2020 &#8211; JULY 2020<span class=\"s2\"> \/<\/span> JULY 2019 &#8211; AUGUST 2019<\/span><\/p>\n<p class=\"p4\"><span class=\"s3\">\u2022<span class=\"Apple-converted-space\">\u00a0 <\/span><\/span><strong><span class=\"s6\">HOTEL SERVICE<\/span><\/strong><span class=\"s2\"> <\/span>EHPAD CHAMPFLEURI VIEILLEVIGNE<\/p>\n<p class=\"p4\">kindness, generosity<\/p>\n<p class=\"p2\">\n<p class=\"p2\">\n<p class=\"p4\"><span style=\"font-size: xx-small;\">JUNE 2018 &#8211; JUNE 2019<\/span><\/p>\n<p class=\"p4\"><span class=\"s3\">\u2022 <\/span> <strong><span class=\"s6\">RESTAURANT SERVICE<\/span><\/strong><span class=\"s2\"> <\/span>DOMAIN LA BRETONNI\u00c8RE BOUFF\u00c9R\u00c9<\/p>\n<p class=\"p4\">cohesion, energy<\/p>\n<p>[\/et_pb_text][\/et_pb_column][\/et_pb_row][\/et_pb_section]<\/p>\n","protected":false},"excerpt":{"rendered":"<p>[et_pb_section fb_built=\u00a0\u00bb1&Prime; _builder_version=\u00a0\u00bb4.6.1&Prime; _module_preset=\u00a0\u00bbdefault\u00a0\u00bb background_image=\u00a0\u00bbhttp:\/\/isn-renaudeau.fr\/dnmade\/wp-content\/uploads\/2020\/11\/IMG_9152-1.jpg\u00a0\u00bb parallax=\u00a0\u00bbon\u00a0\u00bb custom_padding=\u00a0\u00bb121px||424px|||\u00a0\u00bb][et_pb_row _builder_version=\u00a0\u00bb4.6.1&Prime; _module_preset=\u00a0\u00bbdefault\u00a0\u00bb custom_margin=\u00a0\u00bb-102px|auto||auto||\u00a0\u00bb][et_pb_column type=\u00a0\u00bb4_4&Prime; _builder_version=\u00a0\u00bb4.6.1&Prime; _module_preset=\u00a0\u00bbdefault\u00a0\u00bb][et_pb_button button_url=\u00a0\u00bb@ET-DC@eyJkeW5hbWljIjp0cnVlLCJjb250ZW50IjoicG9zdF9saW5rX3VybF9wYWdlIiwic2V0dGluZ3MiOnsicG9zdF9pZCI6Ijk1In19@\u00a0\u00bb button_text=\u00a0\u00bbBACK TO HOME PAGE\u00a0\u00bb button_alignment=\u00a0\u00bbcenter\u00a0\u00bb _builder_version=\u00a0\u00bb4.6.1&Prime; _dynamic_attributes=\u00a0\u00bbbutton_url\u00a0\u00bb _module_preset=\u00a0\u00bbdefault\u00a0\u00bb custom_button=\u00a0\u00bbon\u00a0\u00bb button_text_size=\u00a0\u00bb14px\u00a0\u00bb button_text_color=\u00a0\u00bb#ffffff\u00a0\u00bb button_border_width=\u00a0\u00bb0px\u00a0\u00bb button_letter_spacing=\u00a0\u00bb2px\u00a0\u00bb button_font=\u00a0\u00bbRaleway||||||||\u00a0\u00bb button_icon=\u00a0\u00bb%%3%%\u00a0\u00bb animation_style=\u00a0\u00bbfade\u00a0\u00bb animation_duration=\u00a0\u00bb1150ms\u00a0\u00bb animation_delay=\u00a0\u00bb400ms\u00a0\u00bb][\/et_pb_button][\/et_pb_column][\/et_pb_row][et_pb_row use_custom_gutter=\u00a0\u00bbon\u00a0\u00bb gutter_width=\u00a0\u00bb1&Prime; _builder_version=\u00a0\u00bb4.6.1&Prime; _module_preset=\u00a0\u00bbdefault\u00a0\u00bb background_enable_color=\u00a0\u00bboff\u00a0\u00bb width=\u00a0\u00bb90%\u00a0\u00bb min_height=\u00a0\u00bb238px\u00a0\u00bb custom_margin=\u00a0\u00bb51px|auto||auto||\u00a0\u00bb custom_padding=\u00a0\u00bb32px||14px|||\u00a0\u00bb][et_pb_column type=\u00a0\u00bb4_4&Prime; _builder_version=\u00a0\u00bb4.6.1&Prime; _module_preset=\u00a0\u00bbdefault\u00a0\u00bb][et_pb_text _builder_version=\u00a0\u00bb4.6.1&Prime; _module_preset=\u00a0\u00bbdefault\u00a0\u00bb text_font=\u00a0\u00bbRaleway||||||||\u00a0\u00bb text_text_color=\u00a0\u00bbrgba(0,0,0,0.77)\u00a0\u00bb text_font_size=\u00a0\u00bb20px\u00a0\u00bb text_letter_spacing=\u00a0\u00bb1px\u00a0\u00bb text_line_height=\u00a0\u00bb1.4em\u00a0\u00bb text_orientation=\u00a0\u00bbcenter\u00a0\u00bb width=\u00a0\u00bb84%\u00a0\u00bb max_width=\u00a0\u00bb97%\u00a0\u00bb module_alignment=\u00a0\u00bbcenter\u00a0\u00bb [&hellip;]<\/p>\n","protected":false},"author":18,"featured_media":0,"parent":0,"menu_order":0,"comment_status":"closed","ping_status":"closed","template":"","meta":{"_et_pb_use_builder":"on","_et_pb_old_content":"","_et_gb_content_width":""},"_links":{"self":[{"href":"https:\/\/isn-renaudeau.fr\/dnmade\/index.php\/wp-json\/wp\/v2\/pages\/2861"}],"collection":[{"href":"https:\/\/isn-renaudeau.fr\/dnmade\/index.php\/wp-json\/wp\/v2\/pages"}],"about":[{"href":"https:\/\/isn-renaudeau.fr\/dnmade\/index.php\/wp-json\/wp\/v2\/types\/page"}],"author":[{"embeddable":true,"href":"https:\/\/isn-renaudeau.fr\/dnmade\/index.php\/wp-json\/wp\/v2\/users\/18"}],"replies":[{"embeddable":true,"href":"https:\/\/isn-renaudeau.fr\/dnmade\/index.php\/wp-json\/wp\/v2\/comments?post=2861"}],"version-history":[{"count":17,"href":"https:\/\/isn-renaudeau.fr\/dnmade\/index.php\/wp-json\/wp\/v2\/pages\/2861\/revisions"}],"predecessor-version":[{"id":6690,"href":"https:\/\/isn-renaudeau.fr\/dnmade\/index.php\/wp-json\/wp\/v2\/pages\/2861\/revisions\/6690"}],"wp:attachment":[{"href":"https:\/\/isn-renaudeau.fr\/dnmade\/index.php\/wp-json\/wp\/v2\/media?parent=2861"}],"curies":[{"name":"wp","href":"https:\/\/api.w.org\/{rel}","templated":true}]}}