{"id":2410,"date":"2020-12-08T13:34:18","date_gmt":"2020-12-08T12:34:18","guid":{"rendered":"http:\/\/isn-renaudeau.fr\/dnmade\/?page_id=2410"},"modified":"2020-12-09T09:37:15","modified_gmt":"2020-12-09T08:37:15","slug":"cv-rachel","status":"publish","type":"page","link":"https:\/\/isn-renaudeau.fr\/dnmade\/index.php\/cv-rachel\/","title":{"rendered":"CV Rachel"},"content":{"rendered":"<p>[et_pb_section fb_built=\u00a0\u00bb1&Prime; _builder_version=\u00a0\u00bb4.6.1&Prime; _module_preset=\u00a0\u00bbdefault\u00a0\u00bb][et_pb_row column_structure=\u00a0\u00bb1_3,1_3,1_3&Prime; _builder_version=\u00a0\u00bb4.6.1&Prime; _module_preset=\u00a0\u00bbdefault\u00a0\u00bb background_color=\u00a0\u00bb#d3ebff\u00a0\u00bb][et_pb_column type=\u00a0\u00bb1_3&Prime; _builder_version=\u00a0\u00bb4.6.1&Prime; _module_preset=\u00a0\u00bbdefault\u00a0\u00bb][et_pb_text _builder_version=\u00a0\u00bb4.6.1&Prime; _module_preset=\u00a0\u00bbdefault\u00a0\u00bb text_font_size=\u00a0\u00bb40px\u00a0\u00bb min_height=\u00a0\u00bb86px\u00a0\u00bb]<\/p>\n<p>Rachel VALTON<\/p>\n<h5><\/h5>\n<h5><\/h5>\n<h4><span style=\"font-size: small;\">Etudiante DN MADE Mode, textile et mat\u00e9riaux<\/span><\/h4>\n<p>[\/et_pb_text][et_pb_button _builder_version=\u00a0\u00bb4.6.1&Prime; _module_preset=\u00a0\u00bbdefault\u00a0\u00bb button_text=\u00a0\u00bbMon Book\u00a0\u00bb button_url=\u00a0\u00bbhttp:\/\/isn-renaudeau.fr\/dnmade\/index.php\/isira\/\u00a0\u00bb hover_enabled=\u00a0\u00bb0&Prime; sticky_enabled=\u00a0\u00bb0&Prime;][\/et_pb_button][\/et_pb_column][et_pb_column type=\u00a0\u00bb1_3&Prime; _builder_version=\u00a0\u00bb4.6.1&Prime; _module_preset=\u00a0\u00bbdefault\u00a0\u00bb][et_pb_image src=\u00a0\u00bbhttp:\/\/isn-renaudeau.fr\/dnmade\/wp-content\/uploads\/2020\/11\/photo-CV.jpg\u00a0\u00bb title_text=\u00a0\u00bbphoto CV\u00a0\u00bb _builder_version=\u00a0\u00bb4.6.1&Prime; _module_preset=\u00a0\u00bbdefault\u00a0\u00bb width=\u00a0\u00bb63%\u00a0\u00bb max_width=\u00a0\u00bb54%\u00a0\u00bb min_height=\u00a0\u00bb100px\u00a0\u00bb border_width_all=\u00a0\u00bb3px\u00a0\u00bb][\/et_pb_image][\/et_pb_column][et_pb_column type=\u00a0\u00bb1_3&Prime; _builder_version=\u00a0\u00bb4.6.1&Prime; _module_preset=\u00a0\u00bbdefault\u00a0\u00bb][et_pb_text _builder_version=\u00a0\u00bb4.6.1&Prime; _module_preset=\u00a0\u00bbdefault\u00a0\u00bb]<\/p>\n<p><i class=\"icon-envelope-open\"><\/i>\u00a0rachel.valton.rv@gmail.com<\/p>\n<p><i class=\"icon-phone\"><\/i>\u00a007 62 03 95 84<\/p>\n<p><i class=\"icon-home\"><\/i>\u00a0Cholet, France<\/p>\n<p><i class=\"icon-home\"><\/i>\u00a0Orl\u00e9ans, France<\/p>\n<p>[\/et_pb_text][\/et_pb_column][\/et_pb_row][et_pb_row column_structure=\u00a0\u00bb1_2,1_2&Prime; _builder_version=\u00a0\u00bb4.6.1&Prime; _module_preset=\u00a0\u00bbdefault\u00a0\u00bb][et_pb_column type=\u00a0\u00bb1_2&Prime; _builder_version=\u00a0\u00bb4.6.1&Prime; _module_preset=\u00a0\u00bbdefault\u00a0\u00bb][et_pb_text _builder_version=\u00a0\u00bb4.6.1&Prime; _module_preset=\u00a0\u00bbdefault\u00a0\u00bb]<\/p>\n<h2>Profil :<\/h2>\n<p style=\"text-align: justify;\">N\u00e9e le 30 avril 2001 \u00e0 Orl\u00e9ans, je suis passionn\u00e9e par la mode depuis toute petite. Mon objectif est de devenir styliste en haute couture ou pr\u00eat-\u00e0-porter de luxe. De part mes voyages en Su\u00e8de et en Allemagne, j&rsquo;ai pu am\u00e9liorer un peu plus mon anglais et c&rsquo;est une comp\u00e9tence que je souhaite encore perfectionner. Je suis une personne autonome, cr\u00e9ative, manuelle, attentive aux d\u00e9tails, avec une culture du design et de la mode.<\/p>\n<p>&nbsp;<\/p>\n<p>[\/et_pb_text][et_pb_divider _builder_version=\u00a0\u00bb4.6.1&Prime; _module_preset=\u00a0\u00bbdefault\u00a0\u00bb][\/et_pb_divider][et_pb_text _builder_version=\u00a0\u00bb4.6.1&Prime; _module_preset=\u00a0\u00bbdefault\u00a0\u00bb]<\/p>\n<h2>Scolarit\u00e9 :<\/h2>\n<p><strong>Lyc\u00e9e de la mode<\/strong><br \/> DN MADE mode, textile et mat\u00e9riaux<br \/> 49 300 Cholet<br \/> 2019 &#8211; Pr\u00e9sent<\/p>\n<p><strong>Lyc\u00e9e Charles P\u00e9guy<\/strong><br \/> STD2A ( Arts appliqu\u00e9s )<br \/> 45 000 Orl\u00e9ans<br \/> 2016 &#8211; 2019<\/p>\n<p>[\/et_pb_text][\/et_pb_column][et_pb_column type=\u00a0\u00bb1_2&Prime; _builder_version=\u00a0\u00bb4.6.1&Prime; _module_preset=\u00a0\u00bbdefault\u00a0\u00bb][et_pb_text _builder_version=\u00a0\u00bb4.6.1&Prime; _module_preset=\u00a0\u00bbdefault\u00a0\u00bb text_line_height=\u00a0\u00bb1.6em\u00a0\u00bb width=\u00a0\u00bb100%\u00a0\u00bb custom_margin=\u00a0\u00bb|18px|-5px|-26px|false|false\u00a0\u00bb custom_padding=\u00a0\u00bb|0px||30px|false|false\u00a0\u00bb border_width_left=\u00a0\u00bb1px\u00a0\u00bb border_color_left=\u00a0\u00bb#03a093&Prime;]<\/p>\n<h2>Dipl\u00f4mes :<\/h2>\n<p><span style=\"font-size: medium;\"><\/span><\/p>\n<p><span style=\"font-size: medium;\"><strong>Permis de conduire B<\/strong><\/span><\/p>\n<p><span style=\"font-size: medium;\"><strong>Baccalaur\u00e9at section STD2A <\/strong><\/span><br \/> <span style=\"font-size: medium;\">Mention assez bien<\/span><br \/> <span style=\"font-size: medium;\">Juillet 2019<\/span><\/p>\n<p><span style=\"font-size: medium;\"><\/span><\/p>\n<p><span style=\"font-size: medium;\"><\/span><\/p>\n<p>[\/et_pb_text][et_pb_divider _builder_version=\u00a0\u00bb4.6.1&Prime; _module_preset=\u00a0\u00bbdefault\u00a0\u00bb][\/et_pb_divider][et_pb_text _builder_version=\u00a0\u00bb4.6.1&Prime; _module_preset=\u00a0\u00bbdefault\u00a0\u00bb custom_margin=\u00a0\u00bb|||-26px|false|false\u00a0\u00bb custom_padding=\u00a0\u00bb|||26px|false|false\u00a0\u00bb border_width_left=\u00a0\u00bb1px\u00a0\u00bb border_color_left=\u00a0\u00bb#00a8a8&Prime;]<\/p>\n<h2>Comp\u00e9tences :<\/h2>\n<p>Couture<br \/> Patronage : notions<br \/> Tricot<br \/> Crochet<br \/> Macram\u00e9<br \/> In design<br \/> Illustrator<br \/> Photoshop<br \/> Word<br \/> Publisher<br \/> Power Point<br \/> Excel : notions<\/p>\n<p>[\/et_pb_text][\/et_pb_column][\/et_pb_row][et_pb_row _builder_version=\u00a0\u00bb4.6.1&Prime; _module_preset=\u00a0\u00bbdefault\u00a0\u00bb][et_pb_column type=\u00a0\u00bb4_4&Prime; _builder_version=\u00a0\u00bb4.6.1&Prime; _module_preset=\u00a0\u00bbdefault\u00a0\u00bb][et_pb_divider _builder_version=\u00a0\u00bb4.6.1&Prime; _module_preset=\u00a0\u00bbdefault\u00a0\u00bb][\/et_pb_divider][et_pb_text _builder_version=\u00a0\u00bb4.6.1&Prime; _module_preset=\u00a0\u00bbdefault\u00a0\u00bb]<\/p>\n<h2>Carri\u00e8re :<\/h2>\n<p>[\/et_pb_text][et_pb_toggle title=\u00a0\u00bbPr\u00e9sidente de l&rsquo;association %22Mod &#038; Styl%22&Prime; _builder_version=\u00a0\u00bb4.6.1&Prime; _module_preset=\u00a0\u00bbdefault\u00a0\u00bb]Lyc\u00e9e de la Mode<br \/>\nOctobre 2020 &#8211; pr\u00e9sent[\/et_pb_toggle][et_pb_toggle title=\u00a0\u00bbEmploy\u00e9e polyvalente rayon culturel\u00a0\u00bb _builder_version=\u00a0\u00bb4.6.1&Prime; _module_preset=\u00a0\u00bbdefault\u00a0\u00bb]Leclerc<br \/>\nJuillet 2020 &#8211; Aout 2020<\/p>\n<p>Mise en rayon, commandes pour les clients, conseils aupr\u00e8s des clients, retours des stocks aux fournisseurs, r\u00e9ceptions de palettes, utilisation d&rsquo;un tire-palettes, m\u00e9nage et facing.[\/et_pb_toggle][et_pb_toggle title=\u00a0\u00bbMannequin shooting photo\u00a0\u00bb _builder_version=\u00a0\u00bb4.6.1&Prime; _module_preset=\u00a0\u00bbdefault\u00a0\u00bb]Oudon ( Loire &#8211; Atlantique )<br \/>\n25 octobre 2019[\/et_pb_toggle][et_pb_toggle title=\u00a0\u00bbRetouches de v\u00eatements\u00a0\u00bb _builder_version=\u00a0\u00bb4.6.1&Prime; _module_preset=\u00a0\u00bbdefault\u00a0\u00bb]Cr\u00e9a&rsquo;Retouches<br \/>\nf\u00e9vrier 2016<\/p>\n<p>Semaine effectu\u00e9e sur base du volontariat<br \/>\nOurlets de pantalons et de rideaux, pose de biais, fermetures \u00e9clair, utilisation d&rsquo;une surjeteuse, patronage et montage.[\/et_pb_toggle][et_pb_toggle title=\u00a0\u00bbOption DP3&Prime; _builder_version=\u00a0\u00bb4.6.1&Prime; _module_preset=\u00a0\u00bbdefault\u00a0\u00bb]Septembre 2015 &#8211; Juin 2016<br \/>\nColl\u00e8ge Nelson Mandela<\/p>\n<p>Option, d\u00e9couverte des bases d&rsquo;une entreprise et des diff\u00e9rents services. Directrice service technique, charg\u00e9e de la fabrication et de l&#8217;emballage de l&rsquo;objet.[\/et_pb_toggle][et_pb_toggle title=\u00a0\u00bbRetouches de v\u00eatements\u00a0\u00bb _builder_version=\u00a0\u00bb4.6.1&Prime; _module_preset=\u00a0\u00bbdefault\u00a0\u00bb]Cr\u00e9a&rsquo; Retouche<br \/>\nStage d\u00e9cembre 2015[\/et_pb_toggle][\/et_pb_column][\/et_pb_row][\/et_pb_section]<\/p>\n","protected":false},"excerpt":{"rendered":"<p>[et_pb_section fb_built=\u00a0\u00bb1&Prime; _builder_version=\u00a0\u00bb4.6.1&Prime; _module_preset=\u00a0\u00bbdefault\u00a0\u00bb][et_pb_row column_structure=\u00a0\u00bb1_3,1_3,1_3&Prime; _builder_version=\u00a0\u00bb4.6.1&Prime; _module_preset=\u00a0\u00bbdefault\u00a0\u00bb background_color=\u00a0\u00bb#d3ebff\u00a0\u00bb][et_pb_column type=\u00a0\u00bb1_3&Prime; _builder_version=\u00a0\u00bb4.6.1&Prime; _module_preset=\u00a0\u00bbdefault\u00a0\u00bb][et_pb_text _builder_version=\u00a0\u00bb4.6.1&Prime; _module_preset=\u00a0\u00bbdefault\u00a0\u00bb text_font_size=\u00a0\u00bb40px\u00a0\u00bb min_height=\u00a0\u00bb86px\u00a0\u00bb] Rachel VALTON Etudiante DN MADE Mode, textile et mat\u00e9riaux [\/et_pb_text][et_pb_button _builder_version=\u00a0\u00bb4.6.1&Prime; _module_preset=\u00a0\u00bbdefault\u00a0\u00bb button_text=\u00a0\u00bbMon Book\u00a0\u00bb button_url=\u00a0\u00bbhttp:\/\/isn-renaudeau.fr\/dnmade\/index.php\/isira\/\u00a0\u00bb hover_enabled=\u00a0\u00bb0&Prime; sticky_enabled=\u00a0\u00bb0&Prime;][\/et_pb_button][\/et_pb_column][et_pb_column type=\u00a0\u00bb1_3&Prime; _builder_version=\u00a0\u00bb4.6.1&Prime; _module_preset=\u00a0\u00bbdefault\u00a0\u00bb][et_pb_image src=\u00a0\u00bbhttp:\/\/isn-renaudeau.fr\/dnmade\/wp-content\/uploads\/2020\/11\/photo-CV.jpg\u00a0\u00bb title_text=\u00a0\u00bbphoto CV\u00a0\u00bb _builder_version=\u00a0\u00bb4.6.1&Prime; _module_preset=\u00a0\u00bbdefault\u00a0\u00bb width=\u00a0\u00bb63%\u00a0\u00bb max_width=\u00a0\u00bb54%\u00a0\u00bb min_height=\u00a0\u00bb100px\u00a0\u00bb border_width_all=\u00a0\u00bb3px\u00a0\u00bb][\/et_pb_image][\/et_pb_column][et_pb_column type=\u00a0\u00bb1_3&Prime; _builder_version=\u00a0\u00bb4.6.1&Prime; _module_preset=\u00a0\u00bbdefault\u00a0\u00bb][et_pb_text _builder_version=\u00a0\u00bb4.6.1&Prime; _module_preset=\u00a0\u00bbdefault\u00a0\u00bb] \u00a0rachel.valton.rv@gmail.com \u00a007 62 03 95 84 [&hellip;]<\/p>\n","protected":false},"author":2,"featured_media":0,"parent":0,"menu_order":0,"comment_status":"closed","ping_status":"closed","template":"","meta":{"_et_pb_use_builder":"on","_et_pb_old_content":"","_et_gb_content_width":""},"_links":{"self":[{"href":"https:\/\/isn-renaudeau.fr\/dnmade\/index.php\/wp-json\/wp\/v2\/pages\/2410"}],"collection":[{"href":"https:\/\/isn-renaudeau.fr\/dnmade\/index.php\/wp-json\/wp\/v2\/pages"}],"about":[{"href":"https:\/\/isn-renaudeau.fr\/dnmade\/index.php\/wp-json\/wp\/v2\/types\/page"}],"author":[{"embeddable":true,"href":"https:\/\/isn-renaudeau.fr\/dnmade\/index.php\/wp-json\/wp\/v2\/users\/2"}],"replies":[{"embeddable":true,"href":"https:\/\/isn-renaudeau.fr\/dnmade\/index.php\/wp-json\/wp\/v2\/comments?post=2410"}],"version-history":[{"count":14,"href":"https:\/\/isn-renaudeau.fr\/dnmade\/index.php\/wp-json\/wp\/v2\/pages\/2410\/revisions"}],"predecessor-version":[{"id":4452,"href":"https:\/\/isn-renaudeau.fr\/dnmade\/index.php\/wp-json\/wp\/v2\/pages\/2410\/revisions\/4452"}],"wp:attachment":[{"href":"https:\/\/isn-renaudeau.fr\/dnmade\/index.php\/wp-json\/wp\/v2\/media?parent=2410"}],"curies":[{"name":"wp","href":"https:\/\/api.w.org\/{rel}","templated":true}]}}