{"id":2360,"date":"2020-11-24T11:35:16","date_gmt":"2020-11-24T10:35:16","guid":{"rendered":"http:\/\/isn-renaudeau.fr\/dnmade\/?page_id=2360"},"modified":"2020-11-24T15:07:49","modified_gmt":"2020-11-24T14:07:49","slug":"2360-2","status":"publish","type":"page","link":"https:\/\/isn-renaudeau.fr\/dnmade\/index.php\/2360-2\/","title":{"rendered":"cv h\u00e9risson chlo\u00e9"},"content":{"rendered":"<p>[et_pb_section fb_built=\u00a0\u00bb1&Prime; _builder_version=\u00a0\u00bb4.6.1&Prime; _module_preset=\u00a0\u00bbdefault\u00a0\u00bb background_color=\u00a0\u00bbrgba(106,142,242,0.61)\u00a0\u00bb custom_padding=\u00a0\u00bb||15px|||\u00a0\u00bb][et_pb_row _builder_version=\u00a0\u00bb4.6.1&Prime; _module_preset=\u00a0\u00bbdefault\u00a0\u00bb][et_pb_column type=\u00a0\u00bb4_4&Prime; _builder_version=\u00a0\u00bb4.6.1&Prime; _module_preset=\u00a0\u00bbdefault\u00a0\u00bb][et_pb_text _builder_version=\u00a0\u00bb4.6.1&Prime; _module_preset=\u00a0\u00bbdefault\u00a0\u00bb text_font=\u00a0\u00bbAmiko||||||||\u00a0\u00bb text_text_color=\u00a0\u00bb#000000&Prime; text_font_size=\u00a0\u00bb54px\u00a0\u00bb text_letter_spacing=\u00a0\u00bb4px\u00a0\u00bb text_orientation=\u00a0\u00bbcenter\u00a0\u00bb text_text_shadow_style=\u00a0\u00bbpreset3&Prime;]<\/p>\n<h1><strong>H\u00c9RISSON CHLO\u00c9<\/strong><\/h1>\n<p>[\/et_pb_text][\/et_pb_column][\/et_pb_row][\/et_pb_section][et_pb_section fb_built=\u00a0\u00bb1&Prime; _builder_version=\u00a0\u00bb4.6.1&Prime; _module_preset=\u00a0\u00bbdefault\u00a0\u00bb][et_pb_row column_structure=\u00a0\u00bb1_2,1_2&Prime; _builder_version=\u00a0\u00bb4.6.1&Prime; _module_preset=\u00a0\u00bbdefault\u00a0\u00bb][et_pb_column type=\u00a0\u00bb1_2&Prime; _builder_version=\u00a0\u00bb4.6.1&Prime; _module_preset=\u00a0\u00bbdefault\u00a0\u00bb][et_pb_text _builder_version=\u00a0\u00bb4.6.1&Prime; _module_preset=\u00a0\u00bbdefault\u00a0\u00bb text_font=\u00a0\u00bbAmiko|700|||||||\u00a0\u00bb text_text_color=\u00a0\u00bb#8a74e0&Prime; text_font_size=\u00a0\u00bb24px\u00a0\u00bb text_orientation=\u00a0\u00bbcenter\u00a0\u00bb link_option_url=\u00a0\u00bbhttp:\/\/isn-renaudeau.fr\/dnmade\/index.php\/2360-2\/\u00a0\u00bb]<\/p>\n<p>MON CV<\/p>\n<p>[\/et_pb_text][\/et_pb_column][et_pb_column type=\u00a0\u00bb1_2&Prime; _builder_version=\u00a0\u00bb4.6.1&Prime; _module_preset=\u00a0\u00bbdefault\u00a0\u00bb][et_pb_text _builder_version=\u00a0\u00bb4.6.1&Prime; _module_preset=\u00a0\u00bbdefault\u00a0\u00bb text_font=\u00a0\u00bbAmiko|700|||||||\u00a0\u00bb text_text_color=\u00a0\u00bb#8a74e0&Prime; text_font_size=\u00a0\u00bb24px\u00a0\u00bb text_orientation=\u00a0\u00bbcenter\u00a0\u00bb link_option_url=\u00a0\u00bbhttp:\/\/isn-renaudeau.fr\/dnmade\/index.php\/mes-realisations\/\u00a0\u00bb sticky_limit_bottom=\u00a0\u00bbbody\u00a0\u00bb hover_enabled=\u00a0\u00bb0&Prime; sticky_enabled=\u00a0\u00bb0&Prime;]<\/p>\n<p>MES R\u00c9ALISATIONS<\/p>\n<p>[\/et_pb_text][\/et_pb_column][\/et_pb_row][\/et_pb_section][et_pb_section fb_built=\u00a0\u00bb1&Prime; _builder_version=\u00a0\u00bb4.6.1&Prime; _module_preset=\u00a0\u00bbdefault\u00a0\u00bb][et_pb_row column_structure=\u00a0\u00bb1_2,1_2&Prime; _builder_version=\u00a0\u00bb4.6.1&Prime; _module_preset=\u00a0\u00bbdefault\u00a0\u00bb width=\u00a0\u00bb97.7%\u00a0\u00bb custom_margin=\u00a0\u00bb|auto||156px||\u00a0\u00bb][et_pb_column type=\u00a0\u00bb1_2&Prime; _builder_version=\u00a0\u00bb4.6.1&Prime; _module_preset=\u00a0\u00bbdefault\u00a0\u00bb][et_pb_text _builder_version=\u00a0\u00bb4.6.1&Prime; _module_preset=\u00a0\u00bbdefault\u00a0\u00bb text_font=\u00a0\u00bbAmiko||||||||\u00a0\u00bb text_text_color=\u00a0\u00bb#000000&Prime; width=\u00a0\u00bb100%\u00a0\u00bb custom_margin=\u00a0\u00bb|9px||||\u00a0\u00bb custom_padding=\u00a0\u00bb|0px||0px||\u00a0\u00bb]<\/p>\n<p><i class=\"icon-location-pin\"><\/i>\u00a0 Cholet<\/p>\n<p><i class=\"icon-envelope-open\"><\/i><a href=\"mailto:chloe.herisson13@gmail.com\">\u00a0 chloe.herisson13@gmail.com<\/a><\/p>\n<p><i class=\"icon-call-end\"><\/i>\u00a0 0767985773<\/p>\n<p><i class=\"icon-notebook\"><\/i>\u00a0 13 mars 2001<\/p>\n<p><i class=\"icon-notebook\"><\/i>\u00a0 permis B<\/p>\n<p><i class=\"icon-social-instagram\"><\/i><a href=\"https:\/\/www.instagram.com\/chloe_hrsn\/?hl=fr\">\u00a0 @chloe_hrsn<\/a><\/p>\n<p>[\/et_pb_text][\/et_pb_column][et_pb_column type=\u00a0\u00bb1_2&Prime; _builder_version=\u00a0\u00bb4.6.1&Prime; _module_preset=\u00a0\u00bbdefault\u00a0\u00bb][et_pb_text _builder_version=\u00a0\u00bb4.6.1&Prime; _module_preset=\u00a0\u00bbdefault\u00a0\u00bb text_font=\u00a0\u00bbAmiko||||||||\u00a0\u00bb text_text_color=\u00a0\u00bb#000000&Prime; text_font_size=\u00a0\u00bb22px\u00a0\u00bb background_color=\u00a0\u00bbrgba(106,142,242,0.26)\u00a0\u00bb custom_margin=\u00a0\u00bb|||13px||\u00a0\u00bb custom_padding=\u00a0\u00bb||0px|||\u00a0\u00bb animation_style=\u00a0\u00bbfade\u00a0\u00bb animation_duration=\u00a0\u00bb1100ms\u00a0\u00bb animation_speed_curve=\u00a0\u00bbease-in\u00a0\u00bb]<\/p>\n<p>COMP\u00c9TENCES<\/p>\n<p>[\/et_pb_text][et_pb_text _builder_version=\u00a0\u00bb4.6.1&Prime; _module_preset=\u00a0\u00bbdefault\u00a0\u00bb header_font=\u00a0\u00bbAclonica||||||||\u00a0\u00bb header_2_font=\u00a0\u00bbAmiko||||||||\u00a0\u00bb header_2_font_size=\u00a0\u00bb22px\u00a0\u00bb header_3_font=\u00a0\u00bbAmiko||||||||\u00a0\u00bb header_3_font_size=\u00a0\u00bb16px\u00a0\u00bb header_6_font=\u00a0\u00bbAmiko||||||||\u00a0\u00bb header_6_text_color=\u00a0\u00bbrgba(0,0,0,0.56)\u00a0\u00bb width=\u00a0\u00bb100%\u00a0\u00bb custom_margin=\u00a0\u00bb|||14px||\u00a0\u00bb]<\/p>\n<h3>SAVOIR-FAIRE TEXTILE<\/h3>\n<h6>Tricot main et machine, crochet, macram\u00e9, feutre, tissage, broderie<\/h6>\n<h3>SUITE ADOBE<\/h3>\n<h6>Photoshop, InDesign, Illustrator<\/h6>\n<h3>SAVOIR-\u00caTRE<\/h3>\n<h6>Ponctuelle, autonome, responsable, \u00e0 l&rsquo;\u00e9coute, respectueuse, esprit collaboratif<\/h6>\n<p>[\/et_pb_text][\/et_pb_column][\/et_pb_row][\/et_pb_section][et_pb_section fb_built=\u00a0\u00bb1&Prime; _builder_version=\u00a0\u00bb4.6.1&Prime; _module_preset=\u00a0\u00bbdefault\u00a0\u00bb][et_pb_row _builder_version=\u00a0\u00bb4.6.1&Prime; _module_preset=\u00a0\u00bbdefault\u00a0\u00bb width=\u00a0\u00bb87.9%\u00a0\u00bb][et_pb_column type=\u00a0\u00bb4_4&Prime; _builder_version=\u00a0\u00bb4.6.1&Prime; _module_preset=\u00a0\u00bbdefault\u00a0\u00bb][et_pb_text _builder_version=\u00a0\u00bb4.6.1&Prime; _module_preset=\u00a0\u00bbdefault\u00a0\u00bb text_font=\u00a0\u00bbAmiko||||||||\u00a0\u00bb text_text_color=\u00a0\u00bb#000000&Prime; text_font_size=\u00a0\u00bb22px\u00a0\u00bb background_color=\u00a0\u00bbrgba(106,142,242,0.26)\u00a0\u00bb animation_style=\u00a0\u00bbfade\u00a0\u00bb]<\/p>\n<p>EXP\u00c9RIENCES<\/p>\n<p>[\/et_pb_text][\/et_pb_column][\/et_pb_row][\/et_pb_section][et_pb_section fb_built=\u00a0\u00bb1&Prime; _builder_version=\u00a0\u00bb4.6.1&Prime; _module_preset=\u00a0\u00bbdefault\u00a0\u00bb custom_margin=\u00a0\u00bb-139px|||||\u00a0\u00bb][et_pb_row column_structure=\u00a0\u00bb1_2,1_2&Prime; _builder_version=\u00a0\u00bb4.6.1&Prime; _module_preset=\u00a0\u00bbdefault\u00a0\u00bb][et_pb_column type=\u00a0\u00bb1_2&Prime; _builder_version=\u00a0\u00bb4.6.1&Prime; _module_preset=\u00a0\u00bbdefault\u00a0\u00bb][et_pb_text _builder_version=\u00a0\u00bb4.6.1&Prime; _module_preset=\u00a0\u00bbdefault\u00a0\u00bb header_3_font=\u00a0\u00bbAmiko||||||||\u00a0\u00bb header_3_text_color=\u00a0\u00bb#000000&Prime; header_3_font_size=\u00a0\u00bb16px\u00a0\u00bb header_4_font=\u00a0\u00bbAmiko||||||||\u00a0\u00bb header_4_text_color=\u00a0\u00bbrgba(0,0,0,0.47)\u00a0\u00bb header_4_font_size=\u00a0\u00bb14px\u00a0\u00bb header_6_font=\u00a0\u00bbAmiko||||||||\u00a0\u00bb header_6_text_color=\u00a0\u00bbrgba(0,0,0,0.52)\u00a0\u00bb]<\/p>\n<h4>SEPTEMBRE 2020<\/h4>\n<h3>SCR\u00c9TAIRE ASSOCIATION MOD &amp; STYL<\/h3>\n<h6>Participation \u00e0 l\u2019essor du textile et de la mode dans la<br \/> ville de Cholet par le lyc\u00e9e de la mode.<\/h6>\n<p>&nbsp;<\/p>\n<h4>NOVEMBRE 2019 &#8211; F\u00c9VRIER 2020<\/h4>\n<h3>D\u00c9FIL\u00c9 INTERG\u00c9N\u00c9RATIONNEL<\/h3>\n<h6>En collaboration avec un EHPAD, cr\u00e9ation \u00e0 partir des<br \/> anciens v\u00eatements des personnes ag\u00e9es.<\/h6>\n<p>&nbsp;<\/p>\n<h4>JANVIER 2020<\/h4>\n<h3>CONCOURS TEXTILE ADDICT<\/h3>\n<h6>Cr\u00e9ation de motifs pour un cardigan en maille jacquard<br \/> destin\u00e9 \u00e0 un b\u00e9b\u00e9 fi lle pour la marque La Manufacture<br \/> de Layette.<\/h6>\n<p>[\/et_pb_text][\/et_pb_column][et_pb_column type=\u00a0\u00bb1_2&Prime; _builder_version=\u00a0\u00bb4.6.1&Prime; _module_preset=\u00a0\u00bbdefault\u00a0\u00bb][et_pb_text _builder_version=\u00a0\u00bb4.6.1&Prime; _module_preset=\u00a0\u00bbdefault\u00a0\u00bb header_3_font=\u00a0\u00bbAmiko||||||||\u00a0\u00bb header_3_text_color=\u00a0\u00bb#000000&Prime; header_3_font_size=\u00a0\u00bb16px\u00a0\u00bb header_4_font=\u00a0\u00bbAmiko||||||||\u00a0\u00bb header_4_text_color=\u00a0\u00bbrgba(0,0,0,0.59)\u00a0\u00bb header_4_font_size=\u00a0\u00bb14px\u00a0\u00bb header_6_font=\u00a0\u00bbAmiko||||||||\u00a0\u00bb header_6_text_color=\u00a0\u00bbrgba(0,0,0,0.48)\u00a0\u00bb]<\/p>\n<h4>DEPUIS AO\u00dbT 2019<\/h4>\n<h3>CR\u00c9ATRICE FREE-LANCE <a href=\"https:\/\/www.instagram.com\/by.clachlo\/?hl=fr\">@byclaclo<\/a><\/h3>\n<h6>Cr\u00e9ation et vente d\u2019accessoires de mode dans une<br \/> d\u00e9marche \u00e9co-responsable.<\/h6>\n<h6><\/h6>\n<h4>1 SEMAINE &#8211; 2017<\/h4>\n<h3>ASSISTANTE DE CR\u00c9ATION &#8211; LA VALISE<br \/> ROUGE (LES HERBIERS)<\/h3>\n<h6>R\u00e9novation d\u2019une maison, peinture, pose de<br \/> tapisserie, agencement, r\u00e9novation d\u2019une chaise.<\/h6>\n<h6><\/h6>\n<h4>1 SEMAINE &#8211; 2015<\/h4>\n<h3>ASSISTANTE DE VENTE &#8211; DU PAREIL AU<br \/> M\u00caME (LES HERBIERS)<\/h3>\n<h6>Magasin de pr\u00eat-\u00e0-porter pour enfant fi lle,gar\u00e7on<br \/> et layette, mise en rayon, conseil client, r\u00e9ception<br \/> de commande, organisation du magasin et des<br \/> collections.<\/h6>\n<p>[\/et_pb_text][\/et_pb_column][\/et_pb_row][\/et_pb_section][et_pb_section fb_built=\u00a0\u00bb1&Prime; _builder_version=\u00a0\u00bb4.6.1&Prime; _module_preset=\u00a0\u00bbdefault\u00a0\u00bb][et_pb_row column_structure=\u00a0\u00bb1_2,1_2&Prime; _builder_version=\u00a0\u00bb4.6.1&Prime; _module_preset=\u00a0\u00bbdefault\u00a0\u00bb][et_pb_column type=\u00a0\u00bb1_2&Prime; _builder_version=\u00a0\u00bb4.6.1&Prime; _module_preset=\u00a0\u00bbdefault\u00a0\u00bb][et_pb_text _builder_version=\u00a0\u00bb4.6.1&Prime; _module_preset=\u00a0\u00bbdefault\u00a0\u00bb text_font=\u00a0\u00bbAmiko||||||||\u00a0\u00bb text_text_color=\u00a0\u00bb#000000&Prime; text_font_size=\u00a0\u00bb22px\u00a0\u00bb background_color=\u00a0\u00bbrgba(106,142,242,0.26)\u00a0\u00bb animation_style=\u00a0\u00bbfade\u00a0\u00bb]<\/p>\n<p>\u00c9TUDES ET FORMATION<\/p>\n<p>[\/et_pb_text][et_pb_text _builder_version=\u00a0\u00bb4.6.1&Prime; _module_preset=\u00a0\u00bbdefault\u00a0\u00bb header_3_font=\u00a0\u00bbActor||||||||\u00a0\u00bb header_3_text_color=\u00a0\u00bb#000000&Prime; header_3_font_size=\u00a0\u00bb16px\u00a0\u00bb header_4_font=\u00a0\u00bbActor||||||||\u00a0\u00bb header_4_text_color=\u00a0\u00bbrgba(0,0,0,0.56)\u00a0\u00bb header_4_font_size=\u00a0\u00bb14px\u00a0\u00bb header_6_font=\u00a0\u00bbAmiko||||||||\u00a0\u00bb header_6_text_color=\u00a0\u00bbrgba(0,0,0,0.58)\u00a0\u00bb]<\/p>\n<h4>2019-2020<\/h4>\n<h3>LYC\u00c9E DE LA MODE | CHOLET<\/h3>\n<h6>DN MADE Mode sp\u00e9cialit\u00e9 Textile &#8211; Graphisme &#8211;<br \/> Couleur &#8211; Mat\u00e9riaux<\/h6>\n<p>&nbsp;<\/p>\n<h4>2016-2019<\/h4>\n<h3>LYC\u00c9E L\u00c9ONARD DE VINCI | MONTAIGU<\/h3>\n<h6>Baccalaur\u00e9at arts appliqu\u00e9s (STD2A) MENTION BIEN<\/h6>\n<p>&nbsp;<\/p>\n<h4>2012-2016<\/h4>\n<h3>COLL\u00c8GE JEAN YOLE | LES HERBIERS<\/h3>\n<h6>Brevet des coll\u00e8ges MENTION TR\u00c8S BIEN<\/h6>\n<p>[\/et_pb_text][\/et_pb_column][et_pb_column type=\u00a0\u00bb1_2&Prime; _builder_version=\u00a0\u00bb4.6.1&Prime; _module_preset=\u00a0\u00bbdefault\u00a0\u00bb][et_pb_text _builder_version=\u00a0\u00bb4.6.1&Prime; _module_preset=\u00a0\u00bbdefault\u00a0\u00bb text_font=\u00a0\u00bbAmiko||||||||\u00a0\u00bb text_text_color=\u00a0\u00bb#000000&Prime; text_font_size=\u00a0\u00bb22px\u00a0\u00bb background_color=\u00a0\u00bbrgba(106,142,242,0.26)\u00a0\u00bb animation_style=\u00a0\u00bbfade\u00a0\u00bb]<\/p>\n<p>CENTRES D&rsquo;INT\u00c9R\u00caT<\/p>\n<p>[\/et_pb_text][et_pb_text _builder_version=\u00a0\u00bb4.6.1&Prime; _module_preset=\u00a0\u00bbdefault\u00a0\u00bb header_5_font=\u00a0\u00bbAmiko||||||||\u00a0\u00bb header_5_text_color=\u00a0\u00bb#000000&Prime; header_6_font=\u00a0\u00bbAmiko||||||||\u00a0\u00bb header_6_text_color=\u00a0\u00bbrgba(0,0,0,0.58)\u00a0\u00bb]<\/p>\n<h5>LECTURES<\/h5>\n<h6>Au Bonheur des Dames, Zola<br \/>L\u2019\u00c9toff e du diable, Michel Pastouraux<br \/>Le Deuxi\u00e8me Sexe, Simone de Bauvoire<\/h6>\n<p>&nbsp;<\/p>\n<h5>EXPOSITIONS 2020<\/h5>\n<h6>Sarah Moon, Palais de Tokyo, Paris<br \/>Luxe, Mus\u00e9e des Arts D\u00e9coratifs, Paris<br \/>LU Un si\u00e8cle d\u2019innovation, Ch\u00e2teau des ducs de<br \/>Bretagne, Nantes<\/h6>\n<p>&nbsp;<\/p>\n<h5>SPORT<\/h5>\n<h6>Entraineur de twirling b\u00e2ton cat\u00e9gorie minime et<br \/>adh\u00e9rente sportive pendant 12 ans.<br \/>Membre d\u2019une \u00e9quipe f\u00e9minine de football D2.<br \/>Membre de la troupe de th\u00e9\u00e2tre du Lyc\u00e9e L\u00e9onard de<br \/>Vinci et participation \u00e0 des stages et festivals<br \/>Voyages : Espagne, Italie (Milan).<\/h6>\n<p>[\/et_pb_text][\/et_pb_column][\/et_pb_row][\/et_pb_section][et_pb_section fb_built=\u00a0\u00bb1&Prime; _builder_version=\u00a0\u00bb4.6.1&Prime; _module_preset=\u00a0\u00bbdefault\u00a0\u00bb][et_pb_row _builder_version=\u00a0\u00bb4.6.1&Prime; _module_preset=\u00a0\u00bbdefault\u00a0\u00bb custom_margin=\u00a0\u00bb2px|auto||auto||\u00a0\u00bb][et_pb_column type=\u00a0\u00bb4_4&Prime; _builder_version=\u00a0\u00bb4.6.1&Prime; _module_preset=\u00a0\u00bbdefault\u00a0\u00bb][et_pb_text _builder_version=\u00a0\u00bb4.6.1&Prime; _module_preset=\u00a0\u00bbdefault\u00a0\u00bb text_font=\u00a0\u00bbAmiko||||||||\u00a0\u00bb text_text_color=\u00a0\u00bb#000000&Prime; text_font_size=\u00a0\u00bb22px\u00a0\u00bb background_color=\u00a0\u00bbrgba(106,142,242,0.26)\u00a0\u00bb animation_style=\u00a0\u00bbfade\u00a0\u00bb]<\/p>\n<p>TRAVAIL \u00c9TUDIANT<\/p>\n<p>[\/et_pb_text][\/et_pb_column][\/et_pb_row][et_pb_row column_structure=\u00a0\u00bb1_2,1_2&Prime; _builder_version=\u00a0\u00bb4.6.1&Prime; _module_preset=\u00a0\u00bbdefault\u00a0\u00bb custom_padding=\u00a0\u00bb0px|||||\u00a0\u00bb][et_pb_column type=\u00a0\u00bb1_2&Prime; _builder_version=\u00a0\u00bb4.6.1&Prime; _module_preset=\u00a0\u00bbdefault\u00a0\u00bb][et_pb_text _builder_version=\u00a0\u00bb4.6.1&Prime; _module_preset=\u00a0\u00bbdefault\u00a0\u00bb header_3_font=\u00a0\u00bbAmiko||||||||\u00a0\u00bb header_3_text_color=\u00a0\u00bb#000000&Prime; header_3_font_size=\u00a0\u00bb16px\u00a0\u00bb header_6_font=\u00a0\u00bbAmiko||||||||\u00a0\u00bb header_6_text_color=\u00a0\u00bbrgba(0,0,0,0.58)\u00a0\u00bb]<\/p>\n<h3>DEPUIS OCTOBRE 2019<\/h3>\n<h6>Week-end et vacances scolaires &#8211; Cholet<br \/>Pr\u00e9paratrice de commande, plateforme Carrefour<\/h6>\n<p>&nbsp;<\/p>\n<h3>\u00c9T\u00c9 2019<\/h3>\n<h6>Interimaire<\/h6>\n<p>[\/et_pb_text][\/et_pb_column][et_pb_column type=\u00a0\u00bb1_2&Prime; _builder_version=\u00a0\u00bb4.6.1&Prime; _module_preset=\u00a0\u00bbdefault\u00a0\u00bb][et_pb_text _builder_version=\u00a0\u00bb4.6.1&Prime; _module_preset=\u00a0\u00bbdefault\u00a0\u00bb header_3_font=\u00a0\u00bbAmiko||||||||\u00a0\u00bb header_3_font_size=\u00a0\u00bb16px\u00a0\u00bb header_6_font=\u00a0\u00bbAmiko||||||||\u00a0\u00bb header_6_text_color=\u00a0\u00bbrgba(0,0,0,0.58)\u00a0\u00bb]<\/p>\n<h3>SEPTEMBRE 2018 &#8211; JUIN 2019<\/h3>\n<h6>\u00c9quipi\u00e8re polyvalente Macdonald France<\/h6>\n<p>&nbsp;<\/p>\n<h3>\u00c9T\u00c9 2018<\/h3>\n<h6>H\u00f4tesse de caisse<\/h6>\n<p>[\/et_pb_text][\/et_pb_column][\/et_pb_row][\/et_pb_section]<\/p>\n","protected":false},"excerpt":{"rendered":"<p>[et_pb_section fb_built=\u00a0\u00bb1&Prime; _builder_version=\u00a0\u00bb4.6.1&Prime; _module_preset=\u00a0\u00bbdefault\u00a0\u00bb background_color=\u00a0\u00bbrgba(106,142,242,0.61)\u00a0\u00bb custom_padding=\u00a0\u00bb||15px|||\u00a0\u00bb][et_pb_row _builder_version=\u00a0\u00bb4.6.1&Prime; _module_preset=\u00a0\u00bbdefault\u00a0\u00bb][et_pb_column type=\u00a0\u00bb4_4&Prime; _builder_version=\u00a0\u00bb4.6.1&Prime; _module_preset=\u00a0\u00bbdefault\u00a0\u00bb][et_pb_text _builder_version=\u00a0\u00bb4.6.1&Prime; _module_preset=\u00a0\u00bbdefault\u00a0\u00bb text_font=\u00a0\u00bbAmiko||||||||\u00a0\u00bb text_text_color=\u00a0\u00bb#000000&Prime; text_font_size=\u00a0\u00bb54px\u00a0\u00bb text_letter_spacing=\u00a0\u00bb4px\u00a0\u00bb text_orientation=\u00a0\u00bbcenter\u00a0\u00bb text_text_shadow_style=\u00a0\u00bbpreset3&Prime;] H\u00c9RISSON CHLO\u00c9 [\/et_pb_text][\/et_pb_column][\/et_pb_row][\/et_pb_section][et_pb_section fb_built=\u00a0\u00bb1&Prime; _builder_version=\u00a0\u00bb4.6.1&Prime; _module_preset=\u00a0\u00bbdefault\u00a0\u00bb][et_pb_row column_structure=\u00a0\u00bb1_2,1_2&Prime; _builder_version=\u00a0\u00bb4.6.1&Prime; _module_preset=\u00a0\u00bbdefault\u00a0\u00bb][et_pb_column type=\u00a0\u00bb1_2&Prime; _builder_version=\u00a0\u00bb4.6.1&Prime; _module_preset=\u00a0\u00bbdefault\u00a0\u00bb][et_pb_text _builder_version=\u00a0\u00bb4.6.1&Prime; _module_preset=\u00a0\u00bbdefault\u00a0\u00bb text_font=\u00a0\u00bbAmiko|700|||||||\u00a0\u00bb text_text_color=\u00a0\u00bb#8a74e0&Prime; text_font_size=\u00a0\u00bb24px\u00a0\u00bb text_orientation=\u00a0\u00bbcenter\u00a0\u00bb link_option_url=\u00a0\u00bbhttp:\/\/isn-renaudeau.fr\/dnmade\/index.php\/2360-2\/\u00a0\u00bb] MON CV [\/et_pb_text][\/et_pb_column][et_pb_column type=\u00a0\u00bb1_2&Prime; _builder_version=\u00a0\u00bb4.6.1&Prime; _module_preset=\u00a0\u00bbdefault\u00a0\u00bb][et_pb_text _builder_version=\u00a0\u00bb4.6.1&Prime; _module_preset=\u00a0\u00bbdefault\u00a0\u00bb text_font=\u00a0\u00bbAmiko|700|||||||\u00a0\u00bb text_text_color=\u00a0\u00bb#8a74e0&Prime; text_font_size=\u00a0\u00bb24px\u00a0\u00bb text_orientation=\u00a0\u00bbcenter\u00a0\u00bb link_option_url=\u00a0\u00bbhttp:\/\/isn-renaudeau.fr\/dnmade\/index.php\/mes-realisations\/\u00a0\u00bb sticky_limit_bottom=\u00a0\u00bbbody\u00a0\u00bb hover_enabled=\u00a0\u00bb0&Prime; sticky_enabled=\u00a0\u00bb0&Prime;] MES [&hellip;]<\/p>\n","protected":false},"author":22,"featured_media":0,"parent":0,"menu_order":0,"comment_status":"closed","ping_status":"closed","template":"","meta":{"_et_pb_use_builder":"on","_et_pb_old_content":"","_et_gb_content_width":""},"_links":{"self":[{"href":"https:\/\/isn-renaudeau.fr\/dnmade\/index.php\/wp-json\/wp\/v2\/pages\/2360"}],"collection":[{"href":"https:\/\/isn-renaudeau.fr\/dnmade\/index.php\/wp-json\/wp\/v2\/pages"}],"about":[{"href":"https:\/\/isn-renaudeau.fr\/dnmade\/index.php\/wp-json\/wp\/v2\/types\/page"}],"author":[{"embeddable":true,"href":"https:\/\/isn-renaudeau.fr\/dnmade\/index.php\/wp-json\/wp\/v2\/users\/22"}],"replies":[{"embeddable":true,"href":"https:\/\/isn-renaudeau.fr\/dnmade\/index.php\/wp-json\/wp\/v2\/comments?post=2360"}],"version-history":[{"count":15,"href":"https:\/\/isn-renaudeau.fr\/dnmade\/index.php\/wp-json\/wp\/v2\/pages\/2360\/revisions"}],"predecessor-version":[{"id":4085,"href":"https:\/\/isn-renaudeau.fr\/dnmade\/index.php\/wp-json\/wp\/v2\/pages\/2360\/revisions\/4085"}],"wp:attachment":[{"href":"https:\/\/isn-renaudeau.fr\/dnmade\/index.php\/wp-json\/wp\/v2\/media?parent=2360"}],"curies":[{"name":"wp","href":"https:\/\/api.w.org\/{rel}","templated":true}]}}